hest common factor of 77 and 563519?
11
What is the highest common factor of 20 and 765988?
4
Calculate the highest common factor of 80722288 and 18512.
1424
Calculate the greatest common factor of 352 and 1004590224.
176
What is the greatest common factor of 93 and 1948620754?
31
What is the greatest common factor of 12204321 and 213?
3
Calculate the highest common divisor of 19141783 and 118.
59
Calculate the highest common divisor of 6 and 70620078.
6
Calculate the highest common factor of 5107 and 180614162.
5107
What is the greatest common divisor of 253 and 22431233?
253
What is the greatest common factor of 4282760 and 70?
10
What is the greatest common factor of 1556 and 7592113?
389
Calculate the highest common factor of 5567 and 1314398.
293
Calculate the highest common factor of 14835 and 16410546.
69
Calculate the greatest common factor of 18494672 and 343952.
4144
Calculate the greatest common factor of 66347392 and 21888.
2432
Calculate the highest common factor of 4878 and 176725062.
4878
What is the highest common factor of 27 and 7038234?
9
Calculate the greatest common factor of 58318591 and 1.
1
What is the greatest common factor of 19166895 and 35640?
1485
Calculate the highest common divisor of 988 and 85954388.
52
Calculate the greatest common divisor of 7 and 64149337.
7
Calculate the greatest common factor of 1450 and 103686500.
50
What is the greatest common factor of 4751361 and 63?
9
Calculate the highest common divisor of 1190556465 and 2765.
2765
What is the highest common factor of 23 and 59867183?
23
Calculate the highest common divisor of 2409184 and 92746.
158
What is the highest common divisor of 3673677 and 65660?
3283
Calculate the highest common divisor of 182 and 1793148.
14
What is the highest common factor of 27 and 9031941?
9
What is the highest common factor of 1044 and 146192016?
348
What is the greatest common divisor of 482 and 297635482?
482
Calculate the greatest common divisor of 1806 and 1497762.
42
Calculate the highest common factor of 19179356 and 28.
28
Calculate the greatest common factor of 65321092 and 4805.
961
Calculate the highest common factor of 2703290 and 13550.
10
Calculate the highest common divisor of 194298426 and 42.
42
Calculate the greatest common divisor of 19 and 26511669.
19
What is the highest common factor of 147150 and 246231?
981
Calculate the greatest common factor of 61166 and 4013870.
238
What is the highest common divisor of 460488 and 77?
7
Calculate the highest common divisor of 2597368 and 188038.
298
What is the highest common factor of 10794498 and 2188?
1094
What is the greatest common divisor of 61776 and 228609?
27
What is the highest common divisor of 3000 and 5197800?
600
Calculate the highest common factor of 14589949 and 649.
11
What is the highest common divisor of 652 and 8684803?
163
What is the highest common factor of 36 and 149745516?
12
Calculate the greatest common divisor of 15694507 and 9943.
61
Calculate the greatest common divisor of 8900 and 1747070.
890
What is the greatest common factor of 104 and 3438266?
26
What is the highest common factor of 59090 and 15390?
190
What is the greatest common factor of 66 and 58734874?
22
What is the highest common factor of 71247 and 633369?
561
Calculate the greatest common factor of 256572740 and 20.
20
Calculate the greatest common factor of 202400 and 43360.
160
Calculate the highest common factor of 228067020 and 2610.
2610
Calculate the highest common factor of 302431 and 772.
193
What is the greatest common factor of 146924783 and 61?
61
What is the greatest common divisor of 1194767 and 58163?
49
Calculate the highest common factor of 3003 and 13719420.
429
What is the greatest common divisor of 2024209 and 3509?
121
Calculate the greatest common divisor of 76 and 521264.
4
Calculate the greatest common factor of 24425 and 2934908.
977
Calculate the highest common divisor of 13581219 and 171.
57
Calculate the greatest common divisor of 125 and 1754684125.
125
Calculate the highest common divisor of 23430994 and 2198.
314
Calculate the highest common factor of 264046 and 4628278.
4982
What is the highest common factor of 493950 and 179598?
222
Calculate the greatest common divisor of 2 and 6811474.
2
What is the highest common factor of 1474935 and 30030?
1155
Calculate the greatest common factor of 805 and 1410682.
161
What is the greatest common divisor of 154587383 and 1321?
1321
Calculate the greatest common factor of 16 and 4236681.
1
Calculate the greatest common factor of 82985571 and 1032.
129
What is the greatest common factor of 21560 and 1049240?
40
What is the greatest common divisor of 215 and 1420202495?
215
Calculate the greatest common factor of 1160784 and 35736.
24
What is the greatest common divisor of 52312 and 735956?
52
Calculate the greatest common factor of 2772661 and 371113.
1943
What is the greatest common factor of 14091862 and 632?
158
What is the greatest common factor of 15768 and 284919?
219
What is the greatest common factor of 574 and 25097954?
14
What is the highest common divisor of 156 and 75768004?
52
Calculate the greatest common divisor of 462 and 4220048.
14
What is the greatest common factor of 47039 and 486992?
2767
What is the highest common factor of 26609 and 2390267?
649
Calculate the highest common factor of 400 and 57271540.
20
Calculate the greatest common factor of 297368 and 40.
8
What is the highest common factor of 40185765 and 18?
9
Calculate the greatest common divisor of 4862043 and 133.
19
What is the greatest common factor of 63876135 and 90?
15
Calculate the highest common divisor of 1486060 and 4715468.
4436
Calculate the greatest common divisor of 2484042 and 3050.
122
What is the greatest common factor of 14965290 and 20624?
2578
Calculate the highest common divisor of 50813 and 1072414.
49
Calculate the highest common factor of 9135 and 2723535.
1305
What is the highest common factor of 22238591 and 296?
37
Calculate the highest common factor of 799678 and 46618.
3586
Calculate the greatest common divisor of 2629680 and 192.
48
What is the greatest common factor of 6547 and 1280?
1
What is the greatest common factor of 530465 and 3432?
13
What is the greatest common divisor of 12194 and 53331866?
938
What is the greatest common factor of 679 and 1259097?
7
Calculate the greatest common divisor of 9858 and 42651474.
186
Calculate the highest common divisor of 23958 and 83502.
18
What is the highest common divisor of 1820654 and 1298?
22
What is the greatest common factor of 352 and 399014?
22
What is the highest common factor of 695490 and 5865?
15
What is the highest common divisor of 124 and 119751605?
31
What is the greatest common factor of 45050 and 19932823?
901
Calculate the greatest common divisor of 21854 and 8724058.
98
What is the greatest common divisor of 25715 and 461480?
695
What is the highest common factor of 251934 and 9154?
398
Calculate the highest common factor of 1848 and 2368443.
231
What is the greatest common divisor of 559820 and 2028140?
460
What is the highest common divisor of 4 and 15422818?
2
What is the highest common factor of 21972 and 1266784674?
10986
Calculate the highest common factor of 12078 and 108608060.
1342
What is the greatest common factor of 391554 and 2406?
6
Calculate the greatest common divisor of 3454 and 13263888.
22
What is the greatest common divisor of 955368 and 552?
24
What is the highest common factor of 1925559 and 7641?
27
Calculate the highest common factor of 115654820 and 1592.
796
What is the highest common factor of 5422068 and 874?
38
What is the highest common divisor of 14129418 and 1515096?
11478
Calculate the greatest common factor of 511 and 1030652.
7
Calculate the greatest common divisor of 4444 and 29679961.
101
What is the highest common divisor of 7498 and 45011?
23
What is the highest common divisor of 204 and 494560974?
102
Calculate the highest common divisor of 354272 and 544.
32
Calculate the highest common factor of 136256 and 35839586.
4258
Calculate the highest common divisor of 5831441 and 1745.
349
Calculate the greatest common factor of 112062300 and 49275.
5475
Calculate the greatest common divisor of 507189 and 1707.
3
What is the greatest c